{"id":1225,"date":"2013-02-21T14:19:53","date_gmt":"2013-02-21T12:19:53","guid":{"rendered":"http:\/\/hypnotic.elth.ucv.ro\/elth\/?page_id=1225"},"modified":"2013-02-21T14:19:53","modified_gmt":"2013-02-21T12:19:53","slug":"studii-licenta","status":"publish","type":"page","link":"http:\/\/hypnotic.elth.ucv.ro\/elth\/?page_id=1225","title":{"rendered":"Studii licenta"},"content":{"rendered":"<p>Domenii si specializari \u2013 ingineri, \u00eenv\u0103\u0163\u0103m\u00e2nt cu frecven\u0163\u0103, durata studiilor 4 ani, 240 credite transferabile, locuri finan\u0163ate de la buget \u015fi locuri cu tax\u0103:<\/p>\n<p><strong>Domeniul INGINERIE ELECTRIC\u0102<\/strong><\/p>\n<li><a href=\"http:\/\/hypnotic.elth.ucv.ro\/elth\/invatamant\/studii-licenta\/sisteme-electrice\/\">Sisteme Electrice<\/a><\/li>\n<li><a href=\"http:\/\/hypnotic.elth.ucv.ro\/elth\/invatamant\/studii-licenta\/inginerie-electrica-si-calculatoare\/\">Inginerie Electric\u0103 \u015fi Calculatoare<\/a><\/li>\n<li><a href=\"http:\/\/hypnotic.elth.ucv.ro\/elth\/invatamant\/studii-licenta\/inginerie-electrica-si-calculatoare-in-limba-franceza\/\">Inginerie Electric\u0103 \u015fi Calculatoare (lb. francez\u0103)<\/a><\/li>\n<p><strong>Domeniul INGINERIE ENEGETIC\u0102<\/strong><\/p>\n<li><a href=\"http:\/\/hypnotic.elth.ucv.ro\/elth\/invatamant\/studii-licenta\/termoenergetica\/\">Termoenergetic\u0103<\/a><\/li>\n<li><a href=\"http:\/\/hypnotic.elth.ucv.ro\/elth\/invatamant\/studii-licenta\/ingineria-sistemelor-electroenergetice\/\">Ingineria Sistemelor Electroenergetice<\/a><\/li>\n<p><strong>Domeniul INGINERIE AEROSPA\u0162IAL\u0102<\/strong><\/p>\n<li><a href=\"http:\/\/hypnotic.elth.ucv.ro\/elth\/invatamant\/studii-licenta\/echipamente-si-instalatii-de-aviatie\/\">Echipamente \u015fi Instala\u0163ii pentru Avia\u0163ie<\/a><\/li>\n<p><strong>Domeniul INGINERIE SI MANAGEMENT<\/strong><\/p>\n<li><a href=\"http:\/\/hypnotic.elth.ucv.ro\/elth\/invatamant\/studii-licenta\/inginerie-economica-in-domeniul-electric-electronic-si-energetic\/\">Inginerie economica in domeniul electric, electronic si energetic<\/a><\/li>\n","protected":false},"excerpt":{"rendered":"<p>Domenii si specializari \u2013 ingineri, \u00eenv\u0103\u0163\u0103m\u00e2nt cu frecven\u0163\u0103, durata studiilor 4 ani, 240 credite transferabile, locuri finan\u0163ate de la buget \u015fi locuri cu tax\u0103: Domeniul INGINERIE ELECTRIC\u0102 Sisteme Electrice Inginerie Electric\u0103 \u015fi Calculatoare Inginerie Electric\u0103 \u015fi Calculatoare (lb. francez\u0103) Domeniul INGINERIE ENEGETIC\u0102 Termoenergetic\u0103 Ingineria Sistemelor Electroenergetice Domeniul INGINERIE AEROSPA\u0162IAL\u0102 Echipamente \u015fi Instala\u0163ii pentru Avia\u0163ie Domeniul &hellip; <a href=\"http:\/\/hypnotic.elth.ucv.ro\/elth\/?page_id=1225\" class=\"more-link\">Continue reading <span class=\"screen-reader-text\">Studii licenta<\/span> <span class=\"meta-nav\">&rarr;<\/span><\/a><\/p>\n","protected":false},"author":2,"featured_media":0,"parent":1194,"menu_order":0,"comment_status":"closed","ping_status":"open","template":"","meta":{"footnotes":""},"class_list":["post-1225","page","type-page","status-publish","hentry"],"_links":{"self":[{"href":"http:\/\/hypnotic.elth.ucv.ro\/elth\/index.php?rest_route=\/wp\/v2\/pages\/1225","targetHints":{"allow":["GET"]}}],"collection":[{"href":"http:\/\/hypnotic.elth.ucv.ro\/elth\/index.php?rest_route=\/wp\/v2\/pages"}],"about":[{"href":"http:\/\/hypnotic.elth.ucv.ro\/elth\/index.php?rest_route=\/wp\/v2\/types\/page"}],"author":[{"embeddable":true,"href":"http:\/\/hypnotic.elth.ucv.ro\/elth\/index.php?rest_route=\/wp\/v2\/users\/2"}],"replies":[{"embeddable":true,"href":"http:\/\/hypnotic.elth.ucv.ro\/elth\/index.php?rest_route=%2Fwp%2Fv2%2Fcomments&post=1225"}],"version-history":[{"count":0,"href":"http:\/\/hypnotic.elth.ucv.ro\/elth\/index.php?rest_route=\/wp\/v2\/pages\/1225\/revisions"}],"up":[{"embeddable":true,"href":"http:\/\/hypnotic.elth.ucv.ro\/elth\/index.php?rest_route=\/wp\/v2\/pages\/1194"}],"wp:attachment":[{"href":"http:\/\/hypnotic.elth.ucv.ro\/elth\/index.php?rest_route=%2Fwp%2Fv2%2Fmedia&parent=1225"}],"curies":[{"name":"wp","href":"https:\/\/api.w.org\/{rel}","templated":true}]}}