{"id":39,"date":"2006-04-20T21:56:26","date_gmt":"2006-04-20T18:56:26","guid":{"rendered":"\/"},"modified":"2026-03-19T11:09:48","modified_gmt":"2026-03-19T09:09:48","slug":"home-2","status":"publish","type":"page","link":"http:\/\/hypnotic.elth.ucv.ro\/elth\/","title":{"rendered":"Prima pagina"},"content":{"rendered":"<p style=\"text-align: left;\">Departamentul de Inginerie Electric\u0103, Energetic\u0103 \u0219i Aerospa\u021bial\u0103 coordoneaz\u0103 activitatea la trei programe de studii de Licen\u021b\u0103 \u0219i trei de Master, din cadrul Facult\u0103\u021bii de Inginerie Electric\u0103. Preocuparea noastr\u0103 constant\u0103 este de a oferi permanent servicii de calitate, fie c\u0103 este vorba de servicii educa\u0163ionale, de cercetare \u015fi expertizare sau de formare continu\u0103.<br \/>\n<img loading=\"lazy\" decoding=\"async\" class=\"aligncenter size-full wp-image-3069\" src=\"http:\/\/hypnotic.elth.ucv.ro\/elth\/wp-content\/uploads\/2021\/12\/prima.jpg\" alt=\"\" width=\"526\" height=\"274\" srcset=\"http:\/\/hypnotic.elth.ucv.ro\/elth\/wp-content\/uploads\/2021\/12\/prima.jpg 526w, http:\/\/hypnotic.elth.ucv.ro\/elth\/wp-content\/uploads\/2021\/12\/prima-300x156.jpg 300w, http:\/\/hypnotic.elth.ucv.ro\/elth\/wp-content\/uploads\/2021\/12\/prima-500x260.jpg 500w\" sizes=\"auto, (max-width: 526px) 100vw, 526px\" \/><\/p>\n","protected":false},"excerpt":{"rendered":"<p>Departamentul de Inginerie Electric\u0103, Energetic\u0103 \u0219i Aerospa\u021bial\u0103 coordoneaz\u0103 activitatea la trei programe de studii de Licen\u021b\u0103 \u0219i trei de Master, din cadrul Facult\u0103\u021bii de Inginerie Electric\u0103. Preocuparea noastr\u0103 constant\u0103 este de a oferi permanent servicii de calitate, fie c\u0103 este vorba de servicii educa\u0163ionale, de cercetare \u015fi expertizare sau de formare continu\u0103.<\/p>\n","protected":false},"author":2,"featured_media":0,"parent":0,"menu_order":0,"comment_status":"closed","ping_status":"closed","template":"","meta":{"footnotes":""},"class_list":["post-39","page","type-page","status-publish","hentry"],"_links":{"self":[{"href":"http:\/\/hypnotic.elth.ucv.ro\/elth\/index.php?rest_route=\/wp\/v2\/pages\/39","targetHints":{"allow":["GET"]}}],"collection":[{"href":"http:\/\/hypnotic.elth.ucv.ro\/elth\/index.php?rest_route=\/wp\/v2\/pages"}],"about":[{"href":"http:\/\/hypnotic.elth.ucv.ro\/elth\/index.php?rest_route=\/wp\/v2\/types\/page"}],"author":[{"embeddable":true,"href":"http:\/\/hypnotic.elth.ucv.ro\/elth\/index.php?rest_route=\/wp\/v2\/users\/2"}],"replies":[{"embeddable":true,"href":"http:\/\/hypnotic.elth.ucv.ro\/elth\/index.php?rest_route=%2Fwp%2Fv2%2Fcomments&post=39"}],"version-history":[{"count":21,"href":"http:\/\/hypnotic.elth.ucv.ro\/elth\/index.php?rest_route=\/wp\/v2\/pages\/39\/revisions"}],"predecessor-version":[{"id":3970,"href":"http:\/\/hypnotic.elth.ucv.ro\/elth\/index.php?rest_route=\/wp\/v2\/pages\/39\/revisions\/3970"}],"wp:attachment":[{"href":"http:\/\/hypnotic.elth.ucv.ro\/elth\/index.php?rest_route=%2Fwp%2Fv2%2Fmedia&parent=39"}],"curies":[{"name":"wp","href":"https:\/\/api.w.org\/{rel}","templated":true}]}}